 -448. Is b prime?
False
Let b = 52484 - -2037. Is b composite?
False
Let v(x) be the second derivative of 497*x**6/360 + x**5/120 + x**4/2 - 11*x. Let j(r) be the third derivative of v(r). Is j(1) composite?
True
Let i(v) = -1469*v + 463. Is i(-6) a composite number?
False
Suppose 0 = -11*c + 7*c + 408. Suppose 0 = -v - c + 629. Is v a composite number?
True
Suppose 572 + 203 = 5*m. Suppose 9*f + 112 = 13*f. Let h = m - f. Is h composite?
False
Suppose -4*t - q - 58 = 0, q + 8 = -3*q. Let f(r) = -r**2 + 7*r - 15. Let z be f(t). Let n = -164 - z. Is n a composite number?
True
Suppose -4*l = 2*s - 8, -3*s + 5*l + 20 = 2*s. Suppose -52 = -s*h + 44. Let b = 35 - h. Is b composite?
False
Let w(t) = t**3 + 8*t**2 + 7*t + 8. Let b be w(-7). Suppose b*f - 5691 = 2221. Is f prime?
False
Suppose -2*d + 5*w + 16336 = 5549, 0 = 4*d + 2*w - 21514. Is d composite?
False
Let g(r) = -4*r**2 + 3*r - r**2 + 6*r**2 + 1. Suppose p - 18 = 4*p. Is g(p) prime?
True
Suppose 0 = -5*i + i. Let t be (i/(-3))/(-2 + 1). Suppose t = 5*l - 748 - 137. Is l a composite number?
True
Let p(d) = 52*d**2 - 6*d - 5. Let y(j) = -j + 1. Let a be y(4). Is p(a) a prime number?
False
Suppose -u = -f - 16728, -2*u - f - 5566 = -39037. Is u a prime number?
False
Suppose -4*x + 0*x + 5*m = 17, -20 = -4*m. Suppose -5*j + 2*v + 21 = 0, 2*j = -0*j + v + 9. Suppose 0 = x*i - j*i + 127. Is i composite?
False
Let v = -83 - -140. Let s = 76 + v. Is s prime?
False
Suppose 0 = -4*t + p + 19, t = 3*p + 11 + 2. Let o be 15/(t/4) - 3. Is o/(-42) + 438/14 a prime number?
True
Let y(z) be the first derivative of z**3 + 6*z**2 + z - 103. Let q be ((-16)/(-10))/(3/15). Is y(q) composite?
True
Suppose 4*u + 0 - 8 = 0. Let p(g) = 28*g + 39*g**u + 5 - 45*g + 0 - 2. Is p(7) composite?
True
Let h = 1 - -3. Suppose -r + g = 2, 3 = 2*r + h*g - 5. Is (-581)/(-2 + r - -1) a prime number?
False
Let i = 12 + -10. Suppose -g + 1045 = 5*t + g, 2*g = i*t - 432. Is t prime?
True
Let v(u) = 7*u**2 + 3*u + 7. Suppose -5*h + 62 + 28 = 0. Suppose 2*o = h - 2. Is v(o) composite?
False
Let f = -1769 - -1138. Let w = -54 - f. Is w composite?
False
Suppose -25395 = -5*t + 2*y, 2*t + t = -4*y + 15211. Is t a composite number?
False
Let m = -41 - 76. Let y = 1172 + m. Is y a composite number?
True
Let h = 58872 - 33419. Is h composite?
False
Let s(y) be the third derivative of y**4/24 - y**3/2 + y**2. Let d be s(3). Suppose 0 = 3*u + 3*a - 33, -a - 17 = -d*u - 3*u. Is u composite?
False
Let d(q) = 3*q**2 - q - 2. Let k be d(-2). Let l be 12/(-8) + 5/2. Is 441/k + l/4 a composite number?
False
Suppose 7*q = 4*r + 28443, -4*r - 4057 = -q - 5*r. Is q composite?
True
Is (-354231)/6*26/(-39) a prime number?
True
Let y = 560 - -3027. Is y prime?
False
Is 29022 - (11 + 10/5) composite?
False
Is ((-6)/(-3) - -2618) + 2 + -8 prime?
False
Let h = 414 + -156. Suppose 0 = 2*n + 4*a - 0*a - h, -4*a = -4*n + 504. Is n a composite number?
False
Suppose 12 = 11*m - 8*m. Suppose 4*y - 2*y = m. Suppose -1012 = -2*z - y*z. Is z composite?
True
Is (-8455)/(-3) - (-120)/180 composite?
False
Let z(w) = -w**3 - 2*w**2 - 2*w**2 + 3 + 9*w - 2*w + 0*w**2. Let x be z(-5). Let c(r) = -2*r**3 - 6*r**2 - 4*r - 7. Is c(x) prime?
False
Is 8760 - (-8 + 43)/(-5) prime?
False
Let m = -47 - -51. Suppose 4*h - m*p = 3296, -4*h - 2*p + 3331 = p. Is h a prime number?
True
Let i(k) = 2*k + 7. Let f be i(-4). Is f + -2 + (-660)/(-1) + -4 composite?
False
Let l(c) = -c**2 - 75*c + 233. Is l(-37) a prime number?
False
Let z = 28 - 19. Let j = 572 + z. Is j composite?
True
Suppose 4*b = -3*r - 0*r + 3068, b = -3*r + 3080. Let h = r - 549. Is h composite?
False
Let o(c) = 139*c**3 - c + 1. Let b be 4/16 - (-22)/8. Suppose f - 4*m = 17, 2*f - b*m = -2*f + 16. Is o(f) prime?
True
Suppose 6 = 2*f - 2*v, 5*v + 1 = 6*f - 8*f. Suppose f*l = -12*l + 9086. Is l a composite number?
True
Let a(i) = i**3 - 8*i**2 + 14*i - 9. Let q be a(6). Suppose -5*d + q*d + 706 = 0. Is d composite?
False
Suppose v - 136 - 2106 = 0. Suppose 0 = 7*y - 481 - v. Is y a prime number?
True
Let m = -13 + 6. Let j(f) = f**3 + 15*f**2 - 2*f - 3. Is j(m) a composite number?
True
Let d(y) be the second derivative of 97*y**3/6 - 3*y**2 + 9*y. Is d(5) prime?
True
Let m(a) = -43*a**3 + a**2 - 14*a - 77. Is m(-4) a prime number?
False
Suppose -3*s + 6801 + 2586 = 0. Is 1/(468/s - (-6)/(-42)) a composite number?
False
Suppose 2*r + 2*a - 2004 = 5652, 3*r - 11491 = 4*a. Is r a prime number?
False
Let y(a) = 35*a + 7. Let w be y(-6). Let d = -46 - w. Is d a composite number?
False
Let a = -18179 - -55410. Is a composite?
True
Suppose -5*k + 10835 + 49960 = 0. Suppose -f = 8*f - k. Is f prime?
False
Let b = 1886 - -297. Is b a prime number?
False
Let g(f) = 963*f - 142. Is g(5) a composite number?
False
Let x be 6/(-9) - (-509)/3. Suppose 9*q + x = 12274. Is q composite?
True
Suppose 2227140 = 13*g + 47*g. Is g composite?
True
Suppose -2*m + u + 15 = 0, m + 0*m + 5*u - 13 = 0. Suppose 4*a + 1484 = m*a. Is a a composite number?
True
Let z(p) = 3 - 38*p + 103*p - 12. Is z(14) prime?
False
Suppose -3*c + 2 = -a, 2*c = 5*a + 2 + 21. Is (c + -1345)*1/(-2) a composite number?
False
Let u(s) = -3*s**2 - 31*s - 4. Let c(l) = -2*l**2 - 15*l - 2. Let j(x) = -5*c(x) + 2*u(x). Let y be (0 + -1)/(1*10/(-90)). Is j(y) prime?
True
Let d be 3 - (0 + (1 - 2)). Suppose 0 = d*i - 3273 - 1195. Is i a composite number?
False
Suppose 5*l + 0*l = 1140. Let s = l - 65. Is s composite?
False
Suppose -7*t + 5*t = -4. Suppose 16 = t*l + 10. Suppose 3*d = 6, -3*v - 2*v + 789 = -l*d. Is v prime?
False
Suppose 116 + 116 = 4*a. Let o = a - -92. Let p = -23 + o. Is p composite?
False
Let r be (1 - (0 - 0))/((-4)/(-12)). Suppose -2*m + 762 = r*v + m, -5*v + 1267 = 2*m. Is v a composite number?
True
Let a = -8 - -11. Suppose -753 = -0*i - a*i. Is i a prime number?
True
Let u = -2862 - -1359. Let j = -766 - u. Is j a composite number?
True
Suppose 40*r - 23*r - 69547 = 0. Is r prime?
True
Suppose -4*z + 59627 = 14535. Is z a prime number?
True
Is 51713 + 0*(-3 + -3 + 5) prime?
True
Is 1*(-2)/(-3)*802821/122 a prime number?
False
Suppose 0*s + s - 14 = -j, 2*j = 3*s - 32. Suppose -x - 3*x = -s. Let k = 26 - x. Is k composite?
False
Let x = 27169 - -31398. Is x a composite number?
False
Suppose 45639 = 9*g - 0*g. Is g a prime number?
False
Is (-5)/(-5*5/181075) a prime number?
False
Let u(i) = i**2 + 3*i - 5. Let y(o) = 4*o - 3. Let n be y(2). Suppose -2*s = n - 1, -30 = -4*p + 5*s. Is u(p) prime?
False
Let d be ((-908)/8)/(2/4). Suppose -g - 85 = -2*k + k, -3*g + k = 261. Let c = g - d. Is c composite?
False
Suppose 16*f = 14*f + 164. Suppose 0 = u + f - 933. Is u a composite number?
True
Is ((-202578)/(-76))/(12/8) prime?
True
Let k be (12/(-9))/4*-6. Suppose -j + 5*j - 96 = -l, -k*j - 3*l = -58. Is j prime?
True
Is 3/2*(897 + 61) prime?
False
Let h(f) = 41*f**2 + 15*f - 39. Is h(8) prime?
False
Suppose -3*r + 1144 + 32 = 0. Let a = r + -215. Is a a prime number?
False
Suppose 0 = -0*d - 3*d - 12, 5*r - 22034 = d. Is r prime?
False
Let r(z) = 693*z**2 - 7*z - 1. Suppose -29*q = -26*q - 6. Is r(q) composite?
True
Suppose -2*b = -b + 5. Let h be 37/(-6) + (-3 - (-38)/12). Is (90 + -1)*(b - h) composite?
False
Let a(y) = 46*y + 15. Let f be (8/12)/((-6)/(-63)). Is a(f) a prime number?
True
Let z be -17 - (-2 - -10)/(-4). Let v = z + 128. Is v composite?
False
Suppose c = -0*c + 153. Let m be (2/6)/(3/c). Let p(q) = q**3 - 17*q**2 + 4*q + 17. Is p(m) a prime number?
False
Let j(t) = -43*t + 53. Is j(-8) a composite number?
False
Let w(s) = 5*s**3 + 2*s**2 - 1. Suppose 4 = 5*o - 1. Let k be w(o). Let b(z) = 36*z + 5. Is b(k) prime?
False
Suppose -24 = -w - 3*w. Suppose w*f = -2*f + 2872. Is f a composite number?
False
Suppose -50*k = -53*k + 28704. Let z = -6781 + k. Is z composite?
True
Let q = -26 + 28. Is (-584 - q)*(-1)/2 a prime number?
True
Is -1*(-26639 - (12 - 24)) prime?
True
Let g be (1497/(-6))/(2/(-4)). Let d = g + -98. Is d prime?
True
Suppose 11*u = 19*u - 9*u. Suppose u = 2*q - 5592 + 2278. Is q prime?
True
Suppose 5*a = 4*r + 145513, 4*a = 335*r - 331*r + 116412. Is a composite?
False
Let c(q) = 2164*q - 225. Is c(7) composite?
False
Let n(r) = -8*r**2 + 7*r + 14. Let t(v) = -9*v**2 + 7*v + 15. Let g be ((-3)/9)/((-2)/(-42)). Let a(h